 is divided by h.
15
Suppose 0 = 8*m - 3*m - 105. Let p = -18 + m. Suppose u - p*s - 9 = 0, 2*u + 2*u = 4*s + 76. Calculate the remainder when u is divided by 13.
11
Suppose -5*r - 3*u + 20 = 0, -3*r - u - 4*u - 4 = 0. What is the remainder when r is divided by 1/5 + (-285)/(-75)?
3
Suppose -5*n + 3*n + 14 = 0. Suppose -v + n = -2. What is the remainder when 2/(-5)*-5*26 is divided by v?
7
What is the remainder when 520 is divided by (9/4)/(258/2408)?
16
Let o = 1006 - 286. Calculate the remainder when o is divided by 38.
36
Let c(q) = -2*q**3 + 24*q**2 - 9*q - 12. What is the remainder when c(11) is divided by 15?
11
Let a = 74 + 24. What is the remainder when 23 is divided by 7 + (-203)/28 + a/8?
11
Suppose -5*j + 3*j + 9 = -5*w, 2*w = 5*j - 12. Suppose -1 + 9 = j*h. Suppose -h*r + 94 + 6 = 0. What is the remainder when r is divided by 13?
12
Let m(f) = -f**2 - 1. Let s(p) = 4*p**2 - 11*p - 18. Let q(w) = 2*m(w) + s(w). Let b = 28 + -10. What is the remainder when q(10) is divided by b?
16
Calculate the remainder when 214 is divided by -1*(-19)/(-2)*4/(-2).
5
Let i be 6/(2/(-13) + 86/52). Calculate the remainder when 90 + -1 + (-1 - i) is divided by 29.
26
Let f(l) = -65*l**3 - l + 1. Let t be f(1). Let i = t + 79. What is the remainder when 26 is divided by i?
12
Calculate the remainder when 294 is divided by (-68 + 2 + 5)/(-1).
50
Let t(g) = 53*g - 1. Let b be t(1). Suppose 85 = -51*r + b*r. What is the remainder when r is divided by 29?
27
Suppose 0 = -7*r - 4*r + 33. Let x(k) = 2*k - 7. What is the remainder when x(6) is divided by r?
2
Let a = 139 + -74. Let t(o) = 27*o - 37. What is the remainder when a is divided by t(2)?
14
Let q = 74 + -275. Let o = 287 + q. Suppose 2*x - 88 = -2*x. Calculate the remainder when o is divided by x.
20
Suppose 5*m = 5*g - 140, -4*g - 9*m = -6*m - 119. What is the remainder when g is divided by 15?
14
Suppose -n - 24 = -3*w - 43, -3*w = -4*n + 76. What is the remainder when 167 is divided by n?
15
Suppose 4*i = -4*g + 6*i + 780, -3*i = 4*g - 790. Calculate the remainder when g is divided by 11.
9
Let r(p) = -p**2 - 29*p + 41. Let o(s) = s**3 - s**2 - s - 1. What is the remainder when r(-28) is divided by o(3)?
13
Let j = 20 + -9. Let b be -2*((-4)/(-8) + -2). Calculate the remainder when b + (19 - 0 - 3) is divided by j.
8
Suppose 14*k - 161 - 427 = 0. What is the remainder when k is divided by 36?
6
Let h(r) = 2*r**2 + 9*r + 23. Calculate the remainder when 550 is divided by h(-8).
76
Let o = -46 - -76. Let g be -2 - (-4)/4*3. What is the remainder when ((-77)/21)/(g/(-24)) is divided by o?
28
Let o(c) = -c**2 - 14*c + 5. Suppose 18*l = 14*l - 56. What is the remainder when 8 is divided by o(l)?
3
Let y(p) = -p**3 + 3*p**2 + p + 1. Let x be y(3). Suppose 6 = -a - 4*r, 0 = x*a - 2*r - 34 - 32. Calculate the remainder when 53 is divided by a.
11
What is the remainder when (-360)/6*56/(-16) is divided by 18?
12
Let i(p) = 6*p - 2. Let j(y) = -y. Let r(b) = -i(b) - 3*j(b). Let f be 16/(-2)*(-2 + 3) - -2. Calculate the remainder when 57 is divided by r(f).
17
Let o(q) = q + 21. Let s(b) = -2*b - 20. Let t(a) = 3*o(a) + 2*s(a). What is the remainder when 43 is divided by t(8)?
13
Let y = 3 - -2. Suppose 3*x = -12, -p - 2*x + 0 = 4. Let a = p - -14. Calculate the remainder when a is divided by y.
3
Let x(d) = 3*d + 27. Suppose 0 = -2*j - 4, -g + 2*j = -0*j + 3. Calculate the remainder when 15/1 - (-1 + -1) is divided by x(g).
5
Let q = 448 - 432. What is the remainder when 18 is divided by q?
2
Let z(g) = -8*g - 19. What is the remainder when z(-6) is divided by 12 + 7/((-14)/(-6))?
14
Let d = -711 + 767. Calculate the remainder when 163 is divided by d.
51
Let s(o) be the first derivative of -o**4/4 + 2*o**3/3 + 3*o**2 - 5*o - 15. Calculate the remainder when 6 is divided by s(3).
2
Let m = 163 + -98. Let t be ((-3)/1 - -2) + 19. Suppose 2*o - t = 16. Calculate the remainder when m is divided by o.
14
Calculate the remainder when 168*(-24)/(-90) - (-2)/10 is divided by 12.
9
Let r(x) = x**2 + 30*x - 10. What is the remainder when 97 is divided by r(-32)?
43
Let b(n) = -2*n**2 + 60*n + 84. What is the remainder when b(25) is divided by 116?
102
Let s be 4/10 - 98/(-5). Let w(t) = -s + 0*t + t + 2*t. Calculate the remainder when 48 is divided by w(11).
9
Let s = 1655 - 1568. Calculate the remainder when s is divided by 64.
23
Calculate the remainder when (-8)/(16/(-50)) + -4 is divided by 12.
9
Let r = -44 - -80. Let i = -13 + r. What is the remainder when i is divided by 14?
9
Calculate the remainder when (-1 + (-19)/(-4))/((-303)/(-13736)) is divided by 50.
20
Suppose 57*w = 37*w + 5420. Calculate the remainder when w is divided by 137.
134
Let v be (-6)/(-1*10/(-55)). Let i = v - -47. Calculate the remainder when i is divided by 6.
2
Let v = 846 - 737. Calculate the remainder when v is divided by 40.
29
Suppose -5*o - 132 = -17*o. Suppose i - 5 - 13 = -4*y, 3*i - 102 = 4*y. What is the remainder when i is divided by o?
8
Let f = -45 + 90. What is the remainder when f is divided by ((-414)/72)/((-1)/4)?
22
Let q(c) = 2*c + 17. Let b be q(-7). Suppose 4*w = b*j + 99, 0 = 3*w - 6*j + j - 88. Suppose -510 = -7*p + 2*p. What is the remainder when p is divided by w?
18
Let y(j) = j - 1. Let d be y(3). Suppose -d*o = -6 + 2. Suppose -4*c + 28 = -5*r, -3*c = -3*r + o*r - 10. What is the remainder when 5 is divided by c?
1
Let u = 218 - 205. Suppose 20 = -l + 69. What is the remainder when l is divided by u?
10
Let j be (-15 - -1)*1 + 3 + -3. Suppose 5*z + 22 = 2. Calculate the remainder when 19/7 + z/j is divided by 1.
0
Let h(k) = 3*k**2 - k. Let s be h(-1). Suppose -z + s*z - 356 = -4*o, -4*o + 360 = 4*z. Calculate the remainder when o is divided by 11.
9
Suppose 2*n = 7 + 1. Let v be ((-36)/15)/(n/(-10)). Suppose -80 = -8*a + v*a. Calculate the remainder when a is divided by 21.
19
Let w(o) = -2*o + 21. Let v be w(10). Let p be v + (1 - (-5 + 4)). Suppose -p*t = -4*t + 10. Calculate the remainder when 39 is divided by t.
9
Suppose 5*a = 5, 0 = 2*l + 2*l + 2*a - 10. Calculate the remainder when 5 is divided by 25 + -21 - 1/l*0.
1
Let j = 49 - 55. What is the remainder when (-18)/(-27) - 224/j is divided by 10?
8
Let c(v) = v**3 + 10*v**2 + 31*v + 124. Calculate the remainder when 334 is divided by c(-7).
10
Let o = -160 - -271. Suppose 2*m = -m + o. What is the remainder when m is divided by (-20)/(-6)*(0 - -3)?
7
Let s = 2 - -4. Suppose 4*a + 21 = j, 4*a - 21 = -5*j + 3*a. Suppose 3*l + 5*p = j*l - 17, -89 = -4*l - p. What is the remainder when l is divided by s?
3
Suppose 2*o = 5*g - 234, g = -4*o + 3*o - 103. Let x = o + 173. Suppose -x = -4*z + z. What is the remainder when z is divided by 12?
10
Let y(h) = 10*h - 214. Calculate the remainder when y(28) is divided by 36.
30
What is the remainder when 97 is divided by ((-40)/15)/8 + (-183)/(-9)?
17
Suppose -5*y = -5*z - 15, 2*z = 4*y + 5 - 19. Suppose 4*k - 686 = 2*d, 2*d = y*d - 10. Calculate the remainder when k is divided by 16.
14
Let r = 1331 + -1298. What is the remainder when 1449 is divided by r?
30
Suppose -35 = 5*s + 3*m - 120, 2*s - 34 = -5*m. Calculate the remainder when 168 is divided by s.
15
Suppose -4*g = 2*n - 66, -94 = -27*n + 24*n - g. What is the remainder when 243 is divided by n?
26
Let f(v) = -v**3 - 10*v**2 + 8*v - 16. Let j be 18/(-4)*(-6)/9. Suppose -j*a + 8*a = -55. Calculate the remainder when f(a) is divided by 10.
7
Let g = -178 - -301. Let v(j) = 5*j - 44. What is the remainder when g is divided by v(15)?
30
Let d(o) = 1 + o + 3*o + 0*o. Suppose 4*j - 106 = -46. What is the remainder when j is divided by d(2)?
6
Let w = 753 - 726. What is the remainder when 34 is divided by w?
7
Let k(p) = -p**2 + 13*p - 16. Calculate the remainder when 71 is divided by k(8).
23
Let z(q) = -10*q - 16. Let g(t) = -69*t - 111. Let y(m) = 4*g(m) - 27*z(m). Calculate the remainder when 29 is divided by y(-3).
5
Let u(d) = d**3 - 7*d**2 + 13*d - 5. Let x = -8 + 25. Calculate the remainder when (5 - 6) + (x - -1) is divided by u(5).
7
Let k(a) = -12*a**3. Let c(z) = -z**2 - 7*z - 7. Let j be c(-6). Suppose -2*v = -6*v + 140. Calculate the remainder when v is divided by k(j).
11
Suppose -1130 = -4*x - 346. Let i(c) = -c + 1. Let z be i(-3). Suppose